{"id":1156,"date":"2021-08-10T16:20:41","date_gmt":"2021-08-10T14:20:41","guid":{"rendered":"http:\/\/raks.pl\/pomoc\/?page_id=1156"},"modified":"2021-09-27T10:24:31","modified_gmt":"2021-09-27T08:24:31","slug":"crm","status":"publish","type":"page","link":"https:\/\/raks.pl\/pomoc\/crm\/","title":{"rendered":"CRM"},"content":{"rendered":"\n<p>Modu\u0142&nbsp;<strong>CRM<\/strong>&nbsp;jest narz\u0119dziem umo\u017cliwiaj\u0105cym planowanie oraz kontrol\u0119 dzia\u0142a\u0144 zwi\u0105zanych zar\u00f3wno ze sprzeda\u017c\u0105 i obs\u0142ug\u0105 klienta, jak i wewn\u0119trznymi projektami prowadzonymi w firmie. W samouczku dla pocz\u0105tkuj\u0105cych poka\u017cemy jak rozpocz\u0105\u0107 prac\u0119 z modu\u0142em, zarz\u0105dza\u0107 kalendarzem i planowaniem dzia\u0142a\u0144. Na koniec poka\u017cemy jak przebiega i co mo\u017cna zyska\u0107 na wsp\u00f3\u0142pracy modu\u0142u CRM z modu\u0142em Sprzeda\u017c.<\/p>\n\n\n<div class=\"info-gutenberg-block\">\n    <div class=\"content-info-block\" style=\"border-color:#dca80e ; background-color: #dca80e10;\"><p><strong>Uwaga:\u00a0<\/strong>Modu\u0142\u00a0<strong>CRM<\/strong>\u00a0mo\u017ce by\u0107 uruchomiony samodzielnie lub wewn\u0105trz modu\u0142u\u00a0<strong>Sprzeda\u017c<\/strong>. Przebieg \u0107wicze\u0144 od 1 do 4 pokazuje prac\u0119 w samodzielnym module\u00a0<strong>CRM<\/strong>, jednak wszystkie omawiane opcje s\u0105 te\u017c dost\u0119pne w\u00a0module\u00a0<strong>Sprzeda\u017c\u00a0<\/strong>z uruchomionym\u00a0<strong>CRM<\/strong>, po wybraniu w menu g\u0142\u00f3wnym\u00a0<strong>CRM<\/strong>. \u0106wiczenie 5 wymaga zalogowania si\u0119 do modu\u0142u\u00a0<strong>Sprzeda\u017c<\/strong>\u00a0z uruchomionymi narz\u0119dziami\u00a0<strong>CRM<\/strong>.<\/p>\n<\/div>\n<\/div>\n\n\n<p><strong>Cele:<\/strong><\/p>\n\n\n\n<ul class=\"wp-block-list\"><li>oswojenie si\u0119 z modu\u0142em<strong>&nbsp;CRM,<\/strong><\/li><li>przygotowanie do samodzielnej pracy przy planowaniu pracy i sprzeda\u017cy.<\/li><\/ul>\n\n\n\n<p><strong>Wymagania:<\/strong><\/p>\n\n\n\n<ul class=\"wp-block-list\"><li>zainstalowany&nbsp;<em>RAKSSQL,<\/em><\/li><li>za\u0142o\u017cona&nbsp;firma,<\/li><li>u\u017cytkownik posiadaj\u0105cy dost\u0119p do modu\u0142u&nbsp;<strong>CRM<\/strong>&nbsp;oraz prawa Administratora.<\/li><\/ul>\n\n\n\n<p><strong><a href=\"https:\/\/raks.pl\/pomoc\/logowanie-do-modulu-crm\/\" data-id=\"1161\" data-post-type=\"post\" class=\"link-post\">\u0106wiczenie 1: Logowanie do CRM<\/a><\/strong><br>Jak powi\u0105za\u0107 u\u017cytkownika programu z pracownikiem z bazy kontakt\u00f3w?<\/p>\n\n\n\n<p><strong><a href=\"https:\/\/raks.pl\/pomoc\/kontakty-w-crm\/\" data-id=\"1170\" data-post-type=\"post\" class=\"link-post\">\u0106wiczenie 2: Kontakty<\/a><\/strong><br>Jak doda\u0107 pracownika, kontrahenta i kontakt personalny oraz jak wykona\u0107 schemat organizacyjny w firmie?<\/p>\n\n\n\n<p><strong><a href=\"https:\/\/raks.pl\/pomoc\/terminarze\/\" data-id=\"1208\" data-post-type=\"post\" class=\"link-post\">\u0106wiczenie 3: Terminarze<\/a><\/strong><br>Jak doda\u0107 pracownikowi lub zespo\u0142owi kalendarz i nanosi\u0107 na niego wydarzenia?<\/p>\n\n\n\n<p><strong><a href=\"https:\/\/raks.pl\/pomoc\/zarzadzanie-praca\/\" data-id=\"1233\" data-post-type=\"post\" class=\"link-post\">\u0106wiczenie 4: Zarz\u0105dzanie prac\u0105<\/a><\/strong><br>Jak planowa\u0107 prac\u0119 za pomoc\u0105 zada\u0144 i rejestrowa\u0107 poszczeg\u00f3lne czynno\u015bci za pomoc\u0105 operacji?<\/p>\n\n\n\n<p><strong><a href=\"https:\/\/raks.pl\/pomoc\/zarzadzanie-sprzedaza\/\" data-id=\"1258\" data-post-type=\"post\" class=\"link-post\">\u0106wiczenie 5: Zarz\u0105dzanie sprzeda\u017c\u0105<\/a><\/strong><br>Jak wykorzysta\u0107 modu\u0142 CRM do wspomagania obs\u0142ugi sprzeda\u017cy?<\/p>\n","protected":false},"excerpt":{"rendered":"<p>Modu\u0142&nbsp;CRM&nbsp;jest narz\u0119dziem umo\u017cliwiaj\u0105cym planowanie oraz kontrol\u0119 dzia\u0142a\u0144 zwi\u0105zanych zar\u00f3wno ze sprzeda\u017c\u0105 i obs\u0142ug\u0105 klienta, jak i wewn\u0119trznymi projektami prowadzonymi w firmie. W samouczku dla pocz\u0105tkuj\u0105cych poka\u017cemy jak rozpocz\u0105\u0107 prac\u0119 z modu\u0142em, zarz\u0105dza\u0107 kalendarzem i planowaniem dzia\u0142a\u0144. Na koniec poka\u017cemy jak przebiega i co mo\u017cna zyska\u0107 na wsp\u00f3\u0142pracy modu\u0142u CRM z modu\u0142em Sprzeda\u017c. Cele: oswojenie si\u0119 [&hellip;]<\/p>\n","protected":false},"author":1,"featured_media":0,"parent":0,"menu_order":0,"comment_status":"closed","ping_status":"closed","template":"","meta":{"_acf_changed":false,"footnotes":""},"class_list":["post-1156","page","type-page","status-publish","hentry"],"acf":[],"_links":{"self":[{"href":"https:\/\/raks.pl\/pomoc\/wp-json\/wp\/v2\/pages\/1156","targetHints":{"allow":["GET"]}}],"collection":[{"href":"https:\/\/raks.pl\/pomoc\/wp-json\/wp\/v2\/pages"}],"about":[{"href":"https:\/\/raks.pl\/pomoc\/wp-json\/wp\/v2\/types\/page"}],"author":[{"embeddable":true,"href":"https:\/\/raks.pl\/pomoc\/wp-json\/wp\/v2\/users\/1"}],"replies":[{"embeddable":true,"href":"https:\/\/raks.pl\/pomoc\/wp-json\/wp\/v2\/comments?post=1156"}],"version-history":[{"count":4,"href":"https:\/\/raks.pl\/pomoc\/wp-json\/wp\/v2\/pages\/1156\/revisions"}],"predecessor-version":[{"id":2100,"href":"https:\/\/raks.pl\/pomoc\/wp-json\/wp\/v2\/pages\/1156\/revisions\/2100"}],"wp:attachment":[{"href":"https:\/\/raks.pl\/pomoc\/wp-json\/wp\/v2\/media?parent=1156"}],"curies":[{"name":"wp","href":"https:\/\/api.w.org\/{rel}","templated":true}]}}