{"id":4003,"date":"2022-09-08T12:15:05","date_gmt":"2022-09-08T10:15:05","guid":{"rendered":"https:\/\/raks.pl\/pomoc\/?page_id=4003"},"modified":"2022-09-12T11:40:40","modified_gmt":"2022-09-12T09:40:40","slug":"lista-obecnosci","status":"publish","type":"page","link":"https:\/\/raks.pl\/pomoc\/przepisy-kadry\/e-pracownik\/lista-obecnosci\/","title":{"rendered":"Lista obecno\u015bci"},"content":{"rendered":"\n<p>Aplikacja E-pracownik umo\u017cliwia wype\u0142nianie przez Pracownik\u00f3w listy obecno\u015bci. Na li\u015bcie obecno\u015bci Pracownik widzi tabele symbolizuj\u0105c\u0105 poszczeg\u00f3lne dni bie\u017c\u0105cego miesi\u0105ca. Ka\u017cdy dzie\u0144 jest odpowiednio znaczony numerem oraz informacj\u0105, czy jest dniem roboczym czy wolnym od pracy. Wy\u015bwietlone s\u0105 r\u00f3wnie\u017c zadeklarowane godziny przyj\u015bcia i wyj\u015bcia z pracy. W tabeli, o ile wyst\u0105pi\u0142o jakie\u015b zdarzenie zwi\u0105zane z absencj\u0105, wy\u015bwietlane te\u017c s\u0105 informacje o tej absencji, na przyk\u0142ad o urlopie wypoczynkowym. Na li\u015bcie Pracownik oznacza rzeczywisty czas przyj\u015bcia do pracy i czas wyj\u015bcia z pracy.<\/p>\n\n\n\n<p class=\"has-text-align-center\"><br><img loading=\"lazy\" decoding=\"async\" width=\"750\" height=\"365\" class=\"wp-image-4004\" style=\"width: 750px;\" src=\"https:\/\/raks.pl\/pomoc\/wp-content\/uploads\/2022\/09\/7.1.png\" alt=\"\" srcset=\"https:\/\/raks.pl\/pomoc\/wp-content\/uploads\/2022\/09\/7.1.png 1904w, https:\/\/raks.pl\/pomoc\/wp-content\/uploads\/2022\/09\/7.1-300x146.png 300w, https:\/\/raks.pl\/pomoc\/wp-content\/uploads\/2022\/09\/7.1-1024x499.png 1024w, https:\/\/raks.pl\/pomoc\/wp-content\/uploads\/2022\/09\/7.1-768x374.png 768w, https:\/\/raks.pl\/pomoc\/wp-content\/uploads\/2022\/09\/7.1-1536x748.png 1536w\" sizes=\"auto, (max-width: 750px) 100vw, 750px\" \/><br><em>Lista obecno\u015bci<\/em><\/p>\n\n\n\n<p>Aby wprowadzi\u0107 czas przyj\u015bcia nale\u017cy klikn\u0105\u0107 kursorem myszy na kolumnie oznaczonej \u201eGodzina od\u201d, w wierszu oznaczonym odpowiednim numerem dnia bie\u017c\u0105cego miesi\u0105ca. Na ekranie pojawi si\u0119 okienko umo\u017cliwiaj\u0105ce wprowadzenie danych:<\/p>\n\n\n\n<p class=\"has-text-align-center\"><img loading=\"lazy\" decoding=\"async\" width=\"300\" height=\"182\" class=\"wp-image-4005\" style=\"width: 300px;\" src=\"https:\/\/raks.pl\/pomoc\/wp-content\/uploads\/2022\/09\/7.2.png\" alt=\"\" srcset=\"https:\/\/raks.pl\/pomoc\/wp-content\/uploads\/2022\/09\/7.2.png 502w, https:\/\/raks.pl\/pomoc\/wp-content\/uploads\/2022\/09\/7.2-300x182.png 300w\" sizes=\"auto, (max-width: 300px) 100vw, 300px\" \/><em><br>Wprowadzanie godziny przyj\u015bcia do pracy.<\/em><br><\/p>\n\n\n\n<p>Pracownik wprowadza godzin\u0119 wpisuj\u0105c j\u0105 na klawiaturze lub poprzez klikni\u0119cie na kontrolce wybieraj\u0105c z listy godzin\u0119 i minuty.&nbsp; Mo\u017ce r\u00f3wnie\u017c okre\u015bli\u0107 typ pracy. Do wyboru ma trzy typy: prac\u0119 stacjonarn\u0105, zdaln\u0105 lub delegacj\u0119. Wprowadzone dane zatwierdza klikaj\u0105c na przycisku \u201eAkceptuj\u201d.<br>Wprowadzone informacje pojawi\u0105 si\u0119 na li\u015bcie obecno\u015bci.<\/p>\n\n\n\n<p>Aby wprowadzi\u0107 godzin\u0119 wyj\u015bcia z pracy nale\u017cy klikn\u0105\u0107 na kolumnie oznaczonej \u201eGodzina Do\u201d. Pojawi si\u0119 okienko, gdzie Pracownik b\u0119dzie m\u00f3g\u0142 wprowadzi\u0107 rzeczywisty czas ko\u0144ca pracy. Lista obecno\u015bci ma za zadanie zast\u0105pi\u0107 papierow\u0105 list\u0119, na kt\u00f3rej u\u017cytkownik oznacza\u0142 swoj\u0105 obecno\u015b\u0107 w pracy poprzez z\u0142o\u017cenie podpisu.<\/p>\n\n\n\n<p>Podczas wype\u0142niania listy obecno\u015bci obowi\u0105zuj\u0105 nast\u0119puj\u0105ce zasady:<\/p>\n\n\n\n<p>U\u017cytkownik powinien wprowadza\u0107 czas wyj\u015bcia i wej\u015bcia w dniu bie\u017c\u0105cym. Je\u017celi poprzednie dni nie by\u0142y wype\u0142nione, aplikacja ostrze\u017ce o takiej sytuacji stosownym komunikatem.<\/p>\n\n\n\n<p>Podczas wprowadzania czasu, aplikacja podpowiada zadeklarowan\u0105 godzin\u0119 wej\u015bcia i wyj\u015bcia z pracy. Dane te definiuje si\u0119 w Systemie Raks SQL, Modu\u0142 Kadry i P\u0142ace w kalendarzu pracownika.<br><br>Wymagana jest odpowiednia kolejno\u015b\u0107 wprowadzania. Najpierw nale\u017cy wprowadzi\u0107 godzin\u0119 wej\u015bcia, a dopiero potem godzin\u0119 wyj\u015bcia. Je\u017celi pracownik b\u0119dzie pr\u00f3bowa\u0142 w pierwszej kolejno\u015bci wprowadzi\u0107 godzin\u0119 wyj\u015bcia, to aplikacja wy\u015bwietli stosowny komunikat.<br><br>Lista obecno\u015bci mo\u017ce by\u0107 uzupe\u0142niana i edytowana przez Kierownika &#8211; prze\u0142o\u017conego Pracownika. W tym celu u\u017cytkownik o roli Kierownika wybiera z menu g\u0142\u00f3wnego funkcj\u0119 \u201eDane Podw\u0142adnych\u201d. Na ekranie wy\u015bwietli si\u0119 lista wszystkich pracownik\u00f3w, kt\u00f3rzy mu podlegaj\u0105. &nbsp;Nast\u0119pnie nale\u017cy klikn\u0105\u0107 na wierszu zawieraj\u0105cym dane wybranego pracownika. Na ekranie wy\u015bwietli si\u0119 pulpit, gdzie b\u0119dzie mo\u017cna edytowa\u0107 list\u0119 obecno\u015bci tego pracownika. Z menu lub paska nawigacyjnego nale\u017cy wybra\u0107 funkcj\u0119 \u201eLista obecno\u015bci\u201d.&nbsp;<br>Kierownik mo\u017ce wprowadzi\u0107 lub edytowa\u0107 w zast\u0119pstwie pracownika godziny wej\u015bcia i wyj\u015bcia oraz typ wykonanej w danym dniu pracy.<\/p>\n\n\n\n<p class=\"has-text-align-center\"><img loading=\"lazy\" decoding=\"async\" width=\"300\" height=\"203\" class=\"wp-image-4006\" style=\"width: 300px;\" src=\"https:\/\/raks.pl\/pomoc\/wp-content\/uploads\/2022\/09\/7.3.png\" alt=\"\"><br><em>Edytowanie listy obecno\u015bci wybranego pracownika<\/em><\/p>\n\n\n\n<p><br>Wype\u0142nion\u0105 list\u0119 obecno\u015bci mo\u017cna wydrukowa\u0107 i zatrzyma\u0107 jako dokument potwierdzaj\u0105cy obecno\u015b\u0107 pracownika w pracy. W tym celu nale\u017cy klikn\u0105\u0107 na przycisku \u201eDrukuj\u201d. Na ekranie pojawi si\u0119 sformatowana lista obecno\u015bci:<\/p>\n\n\n\n<p class=\"has-text-align-center\"><img loading=\"lazy\" decoding=\"async\" width=\"600\" height=\"396\" class=\"wp-image-4007\" style=\"width: 600px;\" src=\"https:\/\/raks.pl\/pomoc\/wp-content\/uploads\/2022\/09\/7.4.png\" alt=\"\" srcset=\"https:\/\/raks.pl\/pomoc\/wp-content\/uploads\/2022\/09\/7.4.png 1316w, https:\/\/raks.pl\/pomoc\/wp-content\/uploads\/2022\/09\/7.4-300x198.png 300w, https:\/\/raks.pl\/pomoc\/wp-content\/uploads\/2022\/09\/7.4-1024x675.png 1024w, https:\/\/raks.pl\/pomoc\/wp-content\/uploads\/2022\/09\/7.4-768x507.png 768w\" sizes=\"auto, (max-width: 600px) 100vw, 600px\" \/><em><br>Wydruk listy obecno\u015bci<\/em><\/p>\n\n\n\n<p>Aplikacja E-Pracownik umo\u017cliwia r\u00f3wnie\u017c podgl\u0105d i wydruk listy obecno\u015bci w innej formie. Forma zale\u017cy od roli jaka posiada u\u017cytkownik. Dla Kierownika b\u0119dzie to lista obecno\u015bci jego podw\u0142adnych, dla Kadrowej lista obecno\u015bci wszystkich pracownik\u00f3w na wskazany dzie\u0144. Aby wykona\u0107 taki wydruk nale\u017cy wybra\u0107 z menu g\u0142\u00f3wnego funkcj\u0119 \u201eZestawienia\u201d oraz wskaza\u0107 odpowiednie zestawienie. Klikniecie na nazwie zestawienia spowoduje wy\u015bwietlenie parametr\u00f3w zestawienia. W tym przypadku nale\u017cy poda\u0107 dat\u0119, na kt\u00f3r\u0105 ma zosta\u0107 przygotowana lista obecno\u015bci.<\/p>\n\n\n\n<p class=\"has-text-align-center\"><img loading=\"lazy\" decoding=\"async\" width=\"300\" height=\"142\" class=\"wp-image-4008\" style=\"width: 300px;\" src=\"https:\/\/raks.pl\/pomoc\/wp-content\/uploads\/2022\/09\/7.5.png\" alt=\"\" srcset=\"https:\/\/raks.pl\/pomoc\/wp-content\/uploads\/2022\/09\/7.5.png 505w, https:\/\/raks.pl\/pomoc\/wp-content\/uploads\/2022\/09\/7.5-300x142.png 300w\" sizes=\"auto, (max-width: 300px) 100vw, 300px\" \/><br><em>Parametry zestawienia<\/em><\/p>\n\n\n\n<p>Po zatwierdzeniu parametr\u00f3w na ekranie poka\u017ce si\u0119 wykonane zestawienie.<\/p>\n","protected":false},"excerpt":{"rendered":"<p>Aplikacja E-pracownik umo\u017cliwia wype\u0142nianie przez Pracownik\u00f3w listy obecno\u015bci. Na li\u015bcie obecno\u015bci Pracownik widzi tabele symbolizuj\u0105c\u0105 poszczeg\u00f3lne dni bie\u017c\u0105cego miesi\u0105ca. Ka\u017cdy dzie\u0144 jest odpowiednio znaczony numerem oraz informacj\u0105, czy jest dniem roboczym czy wolnym od pracy. Wy\u015bwietlone s\u0105 r\u00f3wnie\u017c zadeklarowane godziny przyj\u015bcia i wyj\u015bcia z pracy. W tabeli, o ile wyst\u0105pi\u0142o jakie\u015b zdarzenie zwi\u0105zane z absencj\u0105, [&hellip;]<\/p>\n","protected":false},"author":3,"featured_media":0,"parent":3952,"menu_order":5,"comment_status":"closed","ping_status":"closed","template":"","meta":{"_acf_changed":false,"footnotes":""},"class_list":["post-4003","page","type-page","status-publish","hentry"],"acf":[],"_links":{"self":[{"href":"https:\/\/raks.pl\/pomoc\/wp-json\/wp\/v2\/pages\/4003","targetHints":{"allow":["GET"]}}],"collection":[{"href":"https:\/\/raks.pl\/pomoc\/wp-json\/wp\/v2\/pages"}],"about":[{"href":"https:\/\/raks.pl\/pomoc\/wp-json\/wp\/v2\/types\/page"}],"author":[{"embeddable":true,"href":"https:\/\/raks.pl\/pomoc\/wp-json\/wp\/v2\/users\/3"}],"replies":[{"embeddable":true,"href":"https:\/\/raks.pl\/pomoc\/wp-json\/wp\/v2\/comments?post=4003"}],"version-history":[{"count":2,"href":"https:\/\/raks.pl\/pomoc\/wp-json\/wp\/v2\/pages\/4003\/revisions"}],"predecessor-version":[{"id":4220,"href":"https:\/\/raks.pl\/pomoc\/wp-json\/wp\/v2\/pages\/4003\/revisions\/4220"}],"up":[{"embeddable":true,"href":"https:\/\/raks.pl\/pomoc\/wp-json\/wp\/v2\/pages\/3952"}],"wp:attachment":[{"href":"https:\/\/raks.pl\/pomoc\/wp-json\/wp\/v2\/media?parent=4003"}],"curies":[{"name":"wp","href":"https:\/\/api.w.org\/{rel}","templated":true}]}}