{"id":4539,"date":"2022-10-06T10:45:42","date_gmt":"2022-10-06T08:45:42","guid":{"rendered":"https:\/\/raks.pl\/pomoc\/?page_id=4539"},"modified":"2026-01-15T00:10:09","modified_gmt":"2026-01-14T23:10:09","slug":"zsmopl-opis-zmian","status":"publish","type":"page","link":"https:\/\/raks.pl\/pomoc\/moduly-dodatkowe-zmiany\/zsmopl-opis-zmian\/","title":{"rendered":"Zintegrowany System Monitorowania Obrotu Produktami Leczniczymi &#8211; opis zmian"},"content":{"rendered":"\n<p><strong>Wersja [3.23]<\/strong><\/p>\n\n\n\n<p><em>(Data publikacji: 14.01.2026)<\/em><strong><\/strong><\/p>\n\n\n\n<ul class=\"wp-block-list\"><li>Zast\u0105pienie transakcji IR nowsz\u0105 INW.<\/li><\/ul>\n<br>\n\n\n\n<p><strong>Wersja [3.22]<\/strong><\/p>\n\n\n\n<p><em>(Data publikacji: 21.02.2023)<\/em><strong><\/strong><\/p>\n\n\n\n<ul class=\"wp-block-list\"><li>Modyfikacja procedury po\u0142\u0105czenia z baz\u0105 danych.<\/li><\/ul>\n<br>\n\n\n\n<p><strong>Wersja [3.21]<\/strong><\/p>\n\n\n\n<p><em>(Data publikacji: 5.10.2022)<\/em><strong><\/strong><\/p>\n\n\n\n<ul class=\"wp-block-list\"><li>Poprawka mechanizmu uruchamiania modu\u0142u.<\/li><\/ul>\n<br>\n\n\n\n<p><strong>Wersja [3.20]<\/strong><\/p>\n\n\n\n<p><em>(Data publikacji: 9.12.2021)<\/em><strong><\/strong><\/p>\n\n\n\n<ul class=\"wp-block-list\"><li>Poprawka obs\u0142ugi warunkowej pola rodzaju i identyfikatora miejsca prowadzenia dzia\u0142alno\u015bci podmiotu raportuj\u0105cego. Dla podmiotu typu PO, dane te nie b\u0119d\u0105 umieszczane w nag\u0142\u00f3wku komunikatu. <\/li><\/ul>\n<br>\n\n\n\n<p><strong>Wersja [3.19]<\/strong><\/p>\n\n\n\n<p><em>(Data publikacji: 7.12.2021)<\/em><strong><\/strong><\/p>\n\n\n\n<ul class=\"wp-block-list\"><li>Obs\u0142u\u017cono nowy wym\u00f3g dotycz\u0105cy podawania numeru dokumentu \u017ar\u00f3d\u0142owego dla transakcji magazynowych (pole NrDokZrodl). <\/li><\/ul>\n<br>\n\n\n\n<p><strong>Wersja [3.18]<\/strong><\/p>\n\n\n\n<p><em>(Data publikacji: 22.11.2021)<\/em><strong><\/strong><\/p>\n\n\n\n<ul class=\"wp-block-list\"><li>Dodano do komunikatu WZR dane o podmiocie druga strona.<\/li><\/ul>\n<br>\n\n\n\n<p><strong>Wersja [3.17]<\/strong><\/p>\n\n\n\n<p><em>(Data publikacji: 28.10.2021)<\/em><strong><\/strong><\/p>\n\n\n\n<ul class=\"wp-block-list\"><li>Zmodyfikowano list\u0119 rodzaj\u00f3w podmiot\u00f3w raportuj\u0105cych obroty produktami monitorowanymi.<\/li>\n<li>Zmodyfikowano list\u0119 rodzaj\u00f3w miejsc prowadzenia dzia\u0142alno\u015bci podmiotu raportuj\u0105cego.<\/li>\n<li>Dodano komunikat WRW dla szybkiej produkcji.<\/li>\n<li>Dodano komunikat PRO zwrot z oddzia\u0142u szpitalnego dla MM przychodowej oraz Przychodu wewn\u0119trznego.<\/li>\n<li>Dodano komunikat WRO rozch\u00f3d na oddzia\u0142 szpitalny do MM rozchodowej.<\/li><\/ul>\n<br>\n\n\n\n<p><strong>Wersja [3.16]<\/strong><\/p>\n\n\n\n<p><em>(Data publikacji: 31.05.2021)<\/em><strong><\/strong><\/p>\n\n\n\n<ul class=\"wp-block-list\"><li>Dodano mo\u017cliwo\u015b\u0107 generowania komunikatu tylko dla wybranego towaru.<\/li><\/ul>\n<br>\n\n\n\n<p><strong>Wersja [3.15]<\/strong><\/p>\n\n\n\n<p><em>(Data publikacji: 24.03.2021)<\/em><strong><\/strong><\/p>\n\n\n\n<ul class=\"wp-block-list\"><li>Dodanie sta\u0142ego tekstu [korekta stanu magazynu] do pola &#8222;przyczyna r\u00f3\u017cnicy Inwentaryzacyjnej&#8221; dla IR+ i IR-.<\/li><\/ul>\n<br>\n\n\n\n<p><strong>Wersja [3.14]<\/strong><\/p>\n\n\n\n<p><em>(Data publikacji: 19.02.2021)<\/em><strong><\/strong><\/p>\n\n\n\n<ul class=\"wp-block-list\"><li>Zmiana certyfikatu po\u0142\u0105czenia, pobieraj\u0105cego informacje o nowej wersji wtyczki .<\/li><\/ul>\n<br>\n\n\n\n<p><strong>Wersja [3.13]<\/strong><\/p>\n\n\n\n<p><em>(Data publikacji: 14.12.2020)<\/em><strong><\/strong><\/p>\n\n\n\n<ul class=\"wp-block-list\"><li>Poprawka ucinania warto\u015bci magazynu do zera gdy warto\u015b\u0107 mniejsza od zera i ustawiony parametr zaokr\u0105glania stanu do zera.<\/li><\/ul>\n<br>\n\n\n\n<p><strong>Wersja [3.12]<\/strong><\/p>\n\n\n\n<p><em>(Data publikacji: 25.11.2020)<\/em><strong><\/strong><\/p>\n\n\n\n<ul class=\"wp-block-list\"><li>Poprawki dotycz\u0105ce komunikat\u00f3w IR- oraz IR+,<\/li>\n<li>Poprawiono naliczanie warto\u015bci magazynu,<\/li>\n<li>Poprawiono problem z brakiem w\u0119z\u0142a nag\u0142\u00f3wkowego do komunikat IR+ <\/li><\/ul>\n<br>\n\n\n\n<p><strong>Wersja [3.11]<\/strong><\/p>\n\n\n\n<ul class=\"wp-block-list\"><li>Dodano opcj\u0119 umo\u017cliwiaj\u0105c\u0105 pomijanie raportowania warto\u015bci magazynu.<\/li><\/ul>\n<br>\n\n\n\n<p><strong>Wersja [3.10]<\/strong><\/p>\n\n\n\n<ul class=\"wp-block-list\"><li>Poprawka struktury komunikatu, dla komunikatu, kt\u00f3ry jest korekt\u0105 innego komunikatu. Pole IdKomunikatPierwotny powinno by\u0107 pierwszym polem w nag\u0142\u00f3wku dokumentu.<\/li><\/ul>\n<br>\n\n\n\n<p><strong>Wersja [3.9]<\/strong><\/p>\n\n\n\n<ul class=\"wp-block-list\"><li>Poprawka b\u0142\u0119du multiple rows dla komunikatu ZKU gdy s\u0105 wprowadzone dodatkowe koszty <\/li><\/ul>\n<br>\n\n\n\n<p><strong>Wersja [3.8]<\/strong><\/p>\n\n\n\n<ul class=\"wp-block-list\"><li>Poprawka wype\u0142niania pola &#8222;Miejsce podmiotu druga strona&#8221; dla Wm- i Pm+.<\/li><\/ul>\n<br>\n\n\n\n<p><strong>Wersja [3.7]<\/strong><\/p>\n\n\n\n<ul class=\"wp-block-list\"><li>Poprawka wype\u0142niania pola &#8222;Miejsce podmiotu druga strona&#8221;. Je\u017celi dla kontrahenta nie ustawiono tego kodu, to wpisywa\u0142a sie warto\u015b\u0107 &#8222;ND&#8221;. Po poprawce, pole nie jest dopisywane do komunikatu, a w raporcie pojawi si\u0119 stosowny komunikat.<\/li>\n<li>Ponownie zosta\u0142y wy\u0142\u0105czone z raportowania Korekty Sprzeda\u017cy nie zmieniaj\u0105ce ilo\u015bci towaru.<\/li><\/ul>\n<br>\n\n\n\n<p><strong>Wersja [3.6]<\/strong><\/p>\n\n\n\n<ul class=\"wp-block-list\"><li>Zmiana wersji interfejsu wtyczki na wer. 2,<\/li> \n<li>Dostosowanie programu do najnowszej wersji struktury ZSMOPL wer. 1.19,<\/li>\n<li>Poprawki w naczytywaniu daty wa\u017cno\u015bci produktu,<\/li>\n<li>Dodanie zgodnie z wymogami struktury ZSMOPL informacji o podmiocie &#8222;druga strona&#8221; dla PM+ i WM-. Domy\u015blny podmiot okre\u015bla si\u0119 w parametrach aplikacji,<\/li>\n<li>Poprawka b\u0142\u0119du multiple rows dla komunikatu ZPR (WNT) gdy s\u0105 wprowadzone dodatkowe koszty,<\/li>\n<li>Poprawiona warto\u015b\u0107 pola ilo\u015b\u0107 dla komunikatu IR-. Powinna by\u0107 zawsze dodatnia,<\/li>\n<li>Dodano parametr umo\u017cliwiaj\u0105cy w sytuacji gdy stan produktu jest ujemny, zaokr\u0105glenie stanu do zera.<\/li><\/ul>\n<br>\n\n\n\n<p><strong>Wersja [3.5]<\/strong><\/p>\n\n\n\n<ul class=\"wp-block-list\"><li>Poprawka dla PKU: brak pola PRZYCZYNA_KOREKTY.<\/li><\/ul>\n<br>\n\n\n\n<p><strong>Wersja [3.4]<\/strong><\/p>\n\n\n\n<ul class=\"wp-block-list\"><li>Poprawka wype\u0142niania pola nrZapotrzImportuDocelInterw. Program nadaje domy\u015blna warto\u015b\u0107 r\u00f3wn\u0105 0.<\/li><\/ul>\n<br>\n\n\n\n<p><strong>Wersja [3.3]<\/strong><\/p>\n\n\n\n<ul class=\"wp-block-list\"><li>Poprawka formatowania daty.<\/li><\/ul>\n<br>\n\n\n\n<p><strong>Wersja [3.2]<\/strong><\/p>\n\n\n\n<ul class=\"wp-block-list\"><li>Dodanie mechanizm\u00f3w autoaktualizacji. <\/li><\/ul>\n<br>\n\n\n\n<p><strong>Wersja [3.1]<\/strong><\/p>\n\n\n\n<ul class=\"wp-block-list\"><li>Refaktoring kodu.<\/li><\/ul>\n<br>\n\n\n\n<p><strong>Wersja [3.0]<\/strong><\/p>\n\n\n\n<ul class=\"wp-block-list\"><li>Zmiana architektury aplikacji na typu Wtyczka do systemu RAKS SQL. <\/li><\/ul>\n<br>\n\n\n\n<p><strong>Wersja [2.8]<\/strong><\/p>\n\n\n\n<ul class=\"wp-block-list\"><li>Zmieniono \u017ar\u00f3d\u0142o numeru seryjnego dla komunikatu SPR na numer seryjny dostawcy.<\/li><\/ul>\n<br>\n\n\n\n<p><strong>Wersja [2.7]<\/strong><\/p>\n\n\n\n<ul class=\"wp-block-list\"><li>Dodanie danych podmiotu druga strona dla komunikat\u00f3w PZR i PWY.<\/li><\/ul>\n<br>\n\n\n\n<p><strong>Wersja [2.6]<\/strong><\/p>\n\n\n\n<ul class=\"wp-block-list\"><li>Poprawka sposobu generowania komunikat\u00f3w dla remanentu i KS.<\/li><\/ul>\n<br>\n\n\n\n<p><strong>Wersja [2.5]<\/strong><\/p>\n\n\n\n<ul class=\"wp-block-list\"><li>Poprawka sposobu generowania komunikat\u00f3w dla faktur sprzeda\u017cy z podzia\u0142em na dostawy. <\/li><\/ul>\n<br>\n\n\n\n<p><strong>Wersja [2.4]<\/strong><\/p>\n\n\n\n<ul class=\"wp-block-list\"><li>Poprawka sposobu sortowania komunikat\u00f3w. <\/li><\/ul>\n<br>\n\n\n\n<p><strong>Wersja [2.3]<\/strong><\/p>\n\n\n\n<ul class=\"wp-block-list\"><li>Dodanie obs\u0142ugi pola Data wa\u017cno\u015bci serii dla wszystkich komunikat\u00f3w handlowych.<\/li><\/ul>\n<br>\n\n\n\n<p><strong>Wersja [2.2]<\/strong><\/p>\n\n\n\n<ul class=\"wp-block-list\"><li>Dodanie obs\u0142ugi pola Data wa\u017cno\u015bci serii dla wszystkich komunikat\u00f3w magazynowych. <\/li><\/ul>\n<br>\n\n\n\n<p><strong>Wersja [2.1]<\/strong><\/p>\n\n\n\n<ul class=\"wp-block-list\"><li>Korekty sprzeda\u017cy, kt\u00f3re nie maj\u0105 wp\u0142ywu na warto\u015b\u0107 i ilo\u015b\u0107 b\u0119d\u0105 pomijane. R\u00f3wnie\u017c dokumenty magazynowe PZ\/WZ, kt\u00f3re s\u0105 do korekt sprzeda\u017cy, a nie maj\u0105 wp\u0142ywu na stan i warto\u015b\u0107 magazynu b\u0119d\u0105 pomijane.<\/li>\n<li>Poprawki w liczeniu warto\u015bci dokument\u00f3w.<\/li>\n<li>Poprawka b\u0142\u0119dnie ustawianego kodu czyDotImportuDocelInterw oraz czyProduktWydanyZRefundacja. <\/li><\/ul>\n<br>\n\n\n\n<p><strong>Wersja [2.0]<\/strong><\/p>\n\n\n\n<ul class=\"wp-block-list\"><li>Generowanie komunikat\u00f3w wg kolejno\u015bci wystawiania dokument\u00f3w. Data wa\u017cno\u015bci produktu zosta\u0142a ukryta ze wzgl\u0119du na brak obs\u0142ugi tego pola w &#8222;Generatorze komunikat\u00f3w&#8221;,<\/li>\n<li>Poprawiony problem ze zmian\u0105 list magazyn\u00f3w po zmianie firmy.<\/li><\/ul>\n<br>\n\n\n\n<p><strong>Wersja [1.2]<\/strong><\/p>\n\n\n\n<ul class=\"wp-block-list\"><li>Poprawki w liczeniu warto\u015bci korekt sprzeda\u017cy.<\/li><\/ul>\n<br>\n\n\n\n<p><strong>Wersja [1.1]<\/strong><\/p>\n\n\n\n<ul class=\"wp-block-list\"><li>Dodano dla PZO dat\u0119 wa\u017cno\u015bci serii.<\/li><\/ul>\n<br>\n\n\n\n<p><strong>Wersja [1.0]<\/strong><\/p>\n\n\n\n<ul class=\"wp-block-list\"><li>Program oddany do u\u017cytku.<\/li><\/ul>\n<br>\n","protected":false},"excerpt":{"rendered":"<p>Wersja [3.23] (Data publikacji: 14.01.2026) Zast\u0105pienie transakcji IR nowsz\u0105 INW. Wersja [3.22] (Data publikacji: 21.02.2023) Modyfikacja procedury po\u0142\u0105czenia z baz\u0105 danych. Wersja [3.21] (Data publikacji: 5.10.2022) Poprawka mechanizmu uruchamiania modu\u0142u. Wersja [3.20] (Data publikacji: 9.12.2021) Poprawka obs\u0142ugi warunkowej pola rodzaju i identyfikatora miejsca prowadzenia dzia\u0142alno\u015bci podmiotu raportuj\u0105cego. Dla podmiotu typu PO, dane te nie b\u0119d\u0105 [&hellip;]<\/p>\n","protected":false},"author":3,"featured_media":0,"parent":3222,"menu_order":0,"comment_status":"closed","ping_status":"closed","template":"","meta":{"_acf_changed":false,"footnotes":""},"class_list":["post-4539","page","type-page","status-publish","hentry"],"acf":[],"_links":{"self":[{"href":"https:\/\/raks.pl\/pomoc\/wp-json\/wp\/v2\/pages\/4539","targetHints":{"allow":["GET"]}}],"collection":[{"href":"https:\/\/raks.pl\/pomoc\/wp-json\/wp\/v2\/pages"}],"about":[{"href":"https:\/\/raks.pl\/pomoc\/wp-json\/wp\/v2\/types\/page"}],"author":[{"embeddable":true,"href":"https:\/\/raks.pl\/pomoc\/wp-json\/wp\/v2\/users\/3"}],"replies":[{"embeddable":true,"href":"https:\/\/raks.pl\/pomoc\/wp-json\/wp\/v2\/comments?post=4539"}],"version-history":[{"count":3,"href":"https:\/\/raks.pl\/pomoc\/wp-json\/wp\/v2\/pages\/4539\/revisions"}],"predecessor-version":[{"id":8341,"href":"https:\/\/raks.pl\/pomoc\/wp-json\/wp\/v2\/pages\/4539\/revisions\/8341"}],"up":[{"embeddable":true,"href":"https:\/\/raks.pl\/pomoc\/wp-json\/wp\/v2\/pages\/3222"}],"wp:attachment":[{"href":"https:\/\/raks.pl\/pomoc\/wp-json\/wp\/v2\/media?parent=4539"}],"curies":[{"name":"wp","href":"https:\/\/api.w.org\/{rel}","templated":true}]}}