{"id":6522,"date":"2024-12-16T11:45:50","date_gmt":"2024-12-16T10:45:50","guid":{"rendered":"https:\/\/raks.pl\/pomoc\/?page_id=6522"},"modified":"2026-02-27T14:28:18","modified_gmt":"2026-02-27T13:28:18","slug":"regulaminy","status":"publish","type":"page","link":"https:\/\/raks.pl\/pomoc\/regulaminy\/","title":{"rendered":"Regulaminy"},"content":{"rendered":"\n<ul class=\"wp-block-list\">\n<li><a href=\"https:\/\/raks.pl\/pomoc\/warunki-licencji-na-uzytkowanie-oprogramowania-rakssql\/\">Warunki licencji na u\u017cytkowanie oprogramowania RAKSSQL<\/a><\/li>\n\n\n\n<li><a href=\"https:\/\/raks.pl\/pomoc\/wp-content\/uploads\/2025\/06\/Regulamin_Chmura_RAKS.pdf\">Regulamin \u015bwiadczenia us\u0142ugi zdalnego dost\u0119pu do system\u00f3w RAKS &#8211; Chmura RAKS<\/a><\/li>\n\n\n\n<li><a href=\"https:\/\/raks.pl\/pomoc\/wp-content\/uploads\/2026\/02\/Regulamin_szkolen.pdf\" target=\"_blank\" rel=\"noreferrer noopener\">Regulamin szkole\u0144 i webinar\u00f3w.<\/a><\/li>\n<\/ul>\n\n\n\n<p><\/p>\n","protected":false},"excerpt":{"rendered":"","protected":false},"author":2,"featured_media":0,"parent":0,"menu_order":0,"comment_status":"closed","ping_status":"closed","template":"","meta":{"_acf_changed":false,"footnotes":""},"class_list":["post-6522","page","type-page","status-publish","hentry"],"acf":[],"_links":{"self":[{"href":"https:\/\/raks.pl\/pomoc\/wp-json\/wp\/v2\/pages\/6522","targetHints":{"allow":["GET"]}}],"collection":[{"href":"https:\/\/raks.pl\/pomoc\/wp-json\/wp\/v2\/pages"}],"about":[{"href":"https:\/\/raks.pl\/pomoc\/wp-json\/wp\/v2\/types\/page"}],"author":[{"embeddable":true,"href":"https:\/\/raks.pl\/pomoc\/wp-json\/wp\/v2\/users\/2"}],"replies":[{"embeddable":true,"href":"https:\/\/raks.pl\/pomoc\/wp-json\/wp\/v2\/comments?post=6522"}],"version-history":[{"count":9,"href":"https:\/\/raks.pl\/pomoc\/wp-json\/wp\/v2\/pages\/6522\/revisions"}],"predecessor-version":[{"id":8307,"href":"https:\/\/raks.pl\/pomoc\/wp-json\/wp\/v2\/pages\/6522\/revisions\/8307"}],"wp:attachment":[{"href":"https:\/\/raks.pl\/pomoc\/wp-json\/wp\/v2\/media?parent=6522"}],"curies":[{"name":"wp","href":"https:\/\/api.w.org\/{rel}","templated":true}]}}